 7, what is -61 + 401?
310
In base 8, what is -26 - 12?
-40
In base 6, what is 0 - 333?
-333
In base 10, what is 761 - 2?
759
In base 16, what is 3 + 42?
45
In base 2, what is 101100010000 + -101?
101100001011
In base 8, what is -7122 - -4?
-7116
In base 13, what is -2c - -1b?
-11
In base 12, what is 13a - 56?
a4
In base 10, what is -162 + 0?
-162
In base 13, what is 70 + -2?
6b
In base 5, what is 10002 + -3?
4444
In base 11, what is 0 - 199?
-199
In base 14, what is -1a - -11?
-9
In base 12, what is -2 - -15?
13
In base 16, what is 2b28 - 0?
2b28
In base 9, what is 42 + 4?
46
In base 16, what is 0 - -b6?
b6
In base 4, what is 0 - -22021?
22021
In base 6, what is 43 - -2133?
2220
In base 16, what is 6 - -d7?
dd
In base 11, what is -660 + 4?
-657
In base 7, what is 151 + -13?
135
In base 11, what is -163 + -20?
-183
In base 4, what is -1310 - 1?
-1311
In base 4, what is 2021 + 22?
2103
In base 4, what is -3 - 13?
-22
In base 3, what is -1 - -221?
220
In base 10, what is -642 - -7?
-635
In base 13, what is b + -26?
-18
In base 9, what is 6 + 370?
376
In base 5, what is 1344 + 0?
1344
In base 4, what is -232 - -122?
-110
In base 8, what is -531 + -3?
-534
In base 4, what is 32222 - -2?
32230
In base 8, what is 10 - 2?
6
In base 10, what is -4 - 355?
-359
In base 10, what is 81 + -6?
75
In base 4, what is -11 + -3?
-20
In base 6, what is 114 + -3?
111
In base 15, what is -5 - -154?
14e
In base 11, what is 2321 - 0?
2321
In base 12, what is 8 - 5?
3
In base 15, what is -4 - -45c?
458
In base 5, what is -410 - 4?
-414
In base 6, what is -3 - 120?
-123
In base 14, what is 0 - -26?
26
In base 15, what is 2 + -1a?
-18
In base 8, what is 3 + 52?
55
In base 14, what is -16 + 5?
-11
In base 4, what is -22 + -11202?
-11230
In base 15, what is a - 2c?
-22
In base 13, what is 542 + -5?
53a
In base 7, what is 24 + -12?
12
In base 12, what is 8 - -48?
54
In base 3, what is 11111 + 2?
11120
In base 2, what is 0 - -11101000100?
11101000100
In base 12, what is a39 - 0?
a39
In base 12, what is 17 - -23?
3a
In base 2, what is 0 - 100101?
-100101
In base 13, what is 3 - 58?
-55
In base 12, what is -238 + a?
-22a
In base 14, what is bd0 + -1?
bcd
In base 7, what is -11 + -413?
-424
In base 4, what is -32 - 30?
-122
In base 5, what is -32 + 24?
-3
In base 2, what is 10100 - 110001?
-11101
In base 13, what is a7 - 10?
97
In base 11, what is -a78 + 1?
-a77
In base 6, what is -3 + 15301?
15254
In base 12, what is -79 - 4?
-81
In base 15, what is 3 + -2ce?
-2cb
In base 2, what is -10011011 - -100?
-10010111
In base 3, what is 0 + 101110?
101110
In base 9, what is 532 - 3?
528
In base 2, what is -111 + -1?
-1000
In base 5, what is 10430 - -4?
10434
In base 4, what is -2300 + -1?
-2301
In base 8, what is 32 + -17?
13
In base 7, what is 542 + 6?
551
In base 16, what is 386 - -5?
38b
In base 13, what is 45 + -1?
44
In base 11, what is -1889 - 3?
-1891
In base 9, what is -46 - 8?
-55
In base 16, what is 0 - 17c?
-17c
In base 7, what is -1 - -101?
100
In base 2, what is -11100 - -1000010001?
111110101
In base 4, what is -3 - -111?
102
In base 7, what is 1551 - 0?
1551
In base 13, what is 9 - -2?
b
In base 6, what is -3 - -133?
130
In base 8, what is 330 + 10?
340
In base 15, what is -5 + -72?
-77
In base 4, what is -102 - 12?
-120
In base 15, what is -2 - 13?
-15
In base 6, what is 20 + 44?
104
In base 10, what is 30 - -83?
113
In base 3, what is -2102 - 22?
-2201
In base 8, what is -7 + 1106?
1077
In base 15, what is 1b + 30?
4b
In base 16, what is -c + 32?
26
In base 8, what is -1 - 34?
-35
In base 6, what is -35 + -101?
-140
In base 13, what is 14 - 11?
3
In base 9, what is -5 - -1113?
1107
In base 10, what is 16 - 964?
-948
In base 13, what is -620 - 12?
-632
In base 9, what is 10 + -27?
-17
In base 13, what is -2 + -59b?
-5a0
In base 15, what is 228d - -5?
2293
In base 9, what is 1 + -50?
-48
In base 16, what is -10 - 18?
-28
In base 11, what is 2221 + -2?
221a
In base 5, what is 322 + 244?
1121
In base 7, what is 5 + -6114?
-6106
In base 15, what is -edb - 2?
-edd
In base 16, what is 1 + -e?
-d
In base 10, what is 0 - -793?
793
In base 10, what is -3 + 970?
967
In base 4, what is 1310 - -131?
2101
In base 4, what is -112 + -12?
-130
In base 16, what is 52 - 5?
4d
In base 3, what is -101 - 1112110?
-1112211
In base 2, what is 10 + -101110000001?
-101101111111
In base 11, what is -30 + 8?
-23
In base 8, what is -375 - 4?
-401
In base 8, what is 2 - -1107?
1111
In base 16, what is 2b + -3?
28
In base 15, what is -3d + 225?
1d7
In base 9, what is -12 + 46?
34
In base 3, what is -211 + -101?
-1012
In base 10, what is -311 + 5?
-306
In base 3, what is -11 - 12111?
-12122
In base 2, what is 111101 - -101?
1000010
In base 10, what is 465 + -5?
460
In base 15, what is 9e + -4?
9a
In base 4, what is -11 - -30?
13
In base 12, what is 5b5 - -2?
5b7
In base 14, what is -da - -2?
-d8
In base 14, what is 1 - 4d?
-4c
In base 8, what is 5 + 657?
664
In base 3, what is 12 - -1220?
2002
In base 11, what is -54a - -17?
-533
In base 10, what is 112 - 17?
95
In base 2, what is -110111110011000 + 100?
-110111110010100
In base 9, what is -422 + -1?
-423
In base 15, what is -1ad + -4?
-1b2
In base 4, what is 31020 - 32?
30322
In base 13, what is 8 - b?
-3
In base 7, what is 1654 - 3?
1651
In base 4, what is -121 - -20?
-101
In base 9, what is 78 + -2?
76
In base 3, what is 11210 - -11?
11221
In base 12, what is -5 - -51?
48
In base 6, what is 5 - -2155?
2204
In base 3, what is -110 + 120?
10
In base 4, what is -1232232 - -11?
-1232221
In base 3, what is 20020 - -1?
20021
In base 8, what is -3 + 3531?
3526
In base 4, what is -2 - -210?
202
In base 12, what is 21 + a?
2b
In base 4, what is -1123 - -11?
-1112
In base 4, what is 22 + 213120?
213202
In base 11, what is 0 + -1785?
-1785
In base 13, what is -3 - -548?
545
In base 13, what is 2c + -4?
28
In base 12, what is -1a07 - -5?
-1a02
In base 13, what is 3 - -71?
74
In base 9, what is -462 - 5?
-467
In base 9, what is 4345 - 4?
4341
In base 15, what is -4d6 + -1?
-4d7
In base 12, what is 150 - 3?
149
In base 7, what is -605 + 3?
-602
In base 14, what is -6a - 4?
-70
In base 14, what is -2033 + 0?
-2033
In base 10, what is 118 - 20?
98
In base 7, what is -3321 + -5?
-3326
In base 4, what is 1331 + 10?
2001
In base 12, what is 8 - 23?
-17
In base 10, what is 4 - -4771?
4775
In base 9, what is 1583 - 14?
1568
In base 14, what is -2 + 107?
105
In base 8, what is -3131 - 16?
-3147
In base 13, what is -3 + -42?
-45
In base 5, what is -4 + 2334?
2330
In base 6, what is 40 + -2304?
-2224
In base 3, what is -12 + 111211?
111122
In base 14, what is 1 - -230?
231
In base 3, what is -11000002 + -10?
-11000012
In base 12, what is 849a + 1?
849b
In base 15, what is -14d - 14?
-162
In base 2, what is -1011011 + -101?
-1100000
In base 13, what is -3 - -a1?
9b
In base 2, what is 110000100 + 0?
110000100
In base 2, what is 10 + -11001111111?
-11001111101
In base 13, what is 17 + 28?
42
In base 2, what is -1 - -10100101?
10100100
In base 9, what is 56647 - 2?
56645
In base 6, what is -5 - -44?
35
In base 14, what is -1c - 5?
-23
In base 14, what is d98 - 3?
d95
In base 8, what is -27 - -35?
6
In base 5, what is -113042 - -4?
-113033
In base 14, what is -c05 - 2?
-c07
In base 14, what is -268 - 5?
-26d
In base 16, what is -7c - 1?
-7d
In base 5, what is -103 - -242?
134
In base 11, what is -228 - 2?
-22a
In base 3, what is -21 - -1022220?
1022122
In base 11, what is -2a3 - 0?
-2a3
In base 7, what is -2 - -16?
14
In base 14, what is -1 - 21?
-22
In base 2, what is -1101101011 - -101?
-1101100110
In base 6, what is -20434 + 2?
-20432
In base 8, what is 5 + -65?
-60
In base 14, what is -1bc + -5?
-1c3
In base 3, what is -1222211210 + 10?
-1222211200
In base 12, what is 0 + 3?
3
In base 2, what is 101011 + 100?
101111
In base 2, what is -100111101010 - -100?
-100111100110
In base 16, what is 9 + -2d1?
-2c8
In base 12, what is 17 + 134?
14b
In base 14, what is a - -3b?
47
In base 5, what is -10 - -44?
34
In base 3, what is -20 - -2120020?
2120000
In base 7, what is 5 + -111?
-103
In base 10, what is -393 - -4?
-389
In base 2, what is 1010 + -1011001?
-1001111
In base 5, what is 12004 + 11?
12020
In base 13, what is -23 + -5?
-28
In base 4, what is 0 + -1031?
-1031
In